hat is -4 - -1 - (-17 + -1) - 7?
8
Calculate 3 + -10 + (3 - 6) + 7.
-3
What is the value of -8 + 7 + (-1 - 2)?
-4
What is the value of -2 + -1 + -7 - (-1 - 4)?
-5
Evaluate -3 + (0 - 2 - -10).
5
What is the value of 2 + 3 + (44 - 53)?
-4
What is the value of 1 - (-1 + (5 + -1 - 4))?
2
Evaluate 28 + -26 + (2 - 2).
2
What is the value of 20 + -28 - (-3 - 2)?
-3
Calculate 3 - (0 + 3 - 2).
2
What is (6 - 3) + 3 + -8?
-2
Calculate -2 + (1 - (2 + (-1 - -2))).
-4
What is the value of 7 - (9 + -8) - -3?
9
What is the value of -1 + 9 + -6 - 3?
-1
2 + -5 + 11 - 4
4
-13 + 22 - (-2 + (7 - 4))
8
Evaluate 7 + (-6 - -3) + -2.
2
1 - (-4 + 5 - 5 - -3)
2
Calculate -120 - -115 - (-1 + -8).
4
Calculate (1 - (4 - 4)) + -6.
-5
(1 + 1 - 7) + 10
5
Calculate -2 + -1 + (0 - -2).
-1
(2 - 3) + -3 + (-1 - -5)
0
Evaluate (-2 - 0) + (0 - -6).
4
-9 + (-6 - -1 - -11)
-3
Calculate 1 + -4 + 6 + 1.
4
Evaluate 5 + (1 - (8 + 0 + 0)).
-2
Calculate -2 + (-2 - -7 - -4) + -12.
-5
What is -5 + (-3 - 7) + 7?
-8
Evaluate -2 + (0 - (1 + (-1 - 1))).
-1
2 + (-13 - (-3 - 5))
-3
Calculate -1 + 5 + (3 - (11 - 3)).
-1
Evaluate 4 - (5 + -1 + -4 + 4).
0
What is -1 + 0 + 6 + -4?
1
Calculate (3 - 1) + 4 + -6.
0
What is 0 + 0 - (1 + -2) - -1?
2
12 - ((2 - 0) + 6)
4
What is the value of -1 - (10 + (-14 - -3))?
0
What is the value of -5 + (8 + -7 + 1 - -2)?
-1
Calculate -14 + 16 - (0 - -7) - -3.
-2
Calculate -2 + -2 + (2 - (-1 - 0)).
-1
What is 1 - (0 + 4 + -2 - 0)?
-1
Calculate 5 - (3 + -2 - -1).
3
-2 - (1 - (4 + -1)) - 0
0
Evaluate -2 + (7 - 6) - -1.
0
What is (-3 - 0) + 4 + -4 + 0?
-3
Calculate -3 + 10 + -11 - -6.
2
What is the value of -2 - ((-1 - -2) + (7 - 6))?
-4
Calculate (-4 + 3 - (5 - 8)) + -6.
-4
Calculate -2 + 1 + (-6 - -4).
-3
Evaluate -2 + (0 + 3 - (5 + -8)).
4
What is the value of 2 + (6 + -1 - (7 + 1))?
-1
Calculate 3 - 0 - (-3 - (-14 - -3)).
-5
Evaluate -13 + 33 + -13 + -8.
-1
Calculate 5 + -1 - (25 - 22).
1
2 + -4 - (-3 + 4 - 7)
4
Evaluate -1 + 3 + (37 - 47).
-8
Evaluate 1 - (-1 - (-12 + (11 - 6))).
-5
Calculate 5 + -4 + 3 + -11.
-7
Calculate (-2 - 3) + (3 - (-4 + 4)).
-2
What is -1 - -15 - (5 + 1)?
8
Calculate 17 - (-11 - (7 - 33)).
2
Evaluate -10 + 10 + -1 + -2.
-3
7 + -7 + -5 + 11 + -7
-1
What is -7 + (-5 - -12) - -2?
2
Calculate (-4 - (5 - (9 + 1))) + 2.
3
What is 3 + -5 - (-1 - -4)?
-5
Calculate -5 - -12 - (6 - -2).
-1
What is 117 + -120 - (0 - 1 - -1)?
-3
What is the value of -2 + (2 - (1 - 1)) + -2?
-2
What is the value of 1 + 1 + (-9 - -11)?
4
What is (6 - 0) + (-6 - -2) + 1?
3
What is -5 + 17 + -8 + -9?
-5
Calculate -15 + 10 + (0 - (1 - 2)).
-4
What is 9 + -12 - (0 - 1)?
-2
(1 - (-2 - 2)) + 24 + -29
0
Evaluate (-8 - (-14 + 7)) + (7 - 0).
6
Evaluate (-2 - (-1 - (-3 + 6))) + 0.
2
What is -1 - ((6 - 4) + -2)?
-1
Calculate -8 + 17 + -1 + -1.
7
-11 + 9 + 4 + 7
9
What is the value of -3 - (-4 + 6 - 10 - -5)?
0
What is the value of 5 + 0 + -2 + -1 + -1?
1
Calculate -25 + 28 + -3 + -1.
-1
Evaluate 5 + -1 + 7 + -13.
-2
9 + (0 - 2) + (-1 - 1)
5
-1 + 5 + -4 + 4
4
Evaluate 2 + 3 - (9 - 1).
-3
What is the value of (-3 + -4 - -7) + 0 + -1?
-1
What is the value of (3 - 0) + -11 + 11 + -7?
-4
Calculate -53 + 52 - (0 + 0 + -5).
4
Calculate -8 + 0 + (20 - 14).
-2
-1 + 1 + -1 + -5 + 9
3
Calculate 2 - (5 + -2 + -10).
9
What is 0 + -4 - -2 - (7 - 12)?
3
What is the value of -10 + 1 - (18 + -34)?
7
Evaluate 1 + (-7 - (6 - 7 - 4)).
-1
Calculate (11 - 11) + -2 + -1.
-3
Evaluate 9 - ((0 - 0) + 5).
4
Calculate -2 + (-1 - -4 - -4).
5
What is -7 - (-15 - (4 - 8))?
4
Evaluate 9 + -3 + 1 - (-14 + 15).
6
What is -21 - -24 - (-3 - (-12 + 3))?
-3
Evaluate -5 + (1 - (-3 - (-3 + 2))).
-2
What is the value of 9 - (8 + 8) - -16?
9
Evaluate -40 + 34 + (1 - -5).
0
Calculate (-4 - 0 - -1) + (-2 - -4).
-1
What is the value of (-15 - -7) + 12 + -9 + 0?
-5
Evaluate 1 + 1 + 4 + (-10 - -2).
-2
Evaluate 1 - 3 - (-4 - (-9 + 11)).
4
What is the value of -6 + (0 - (1 - 4)) + -3?
-6
(1 - 1) + (0 - (1 - -3))
-4
(-2 - -1) + (16 - 13)
2
1 + 7 + -6 + -6
-4
(56 - 68) + -2 + 6 + 1
-7
(-2 + 1 - -2) + 0
1
What is 0 + 5 + (3 - 3 - 2)?
3
Evaluate -2 - (-5 - -10 - 8).
1
Calculate 1 + (0 - 0) - 0.
1
What is 0 - (9 - 3) - 0?
-6
Evaluate 0 + (-1 - (-4 + 1)).
2
Evaluate -3 + -2 + 6 + 1.
2
What is the value of -22 - -8 - (-3 + -5)?
-6
What is the value of 9 - (-4 + 4 + 0) - 4?
5
What is the value of 15 + -16 + (-3 - 0) - -5?
1
What is the value of 1 - (-9 - (-24 + 8))?
-6
What is the value of (-9 - -2) + (20 - 14)?
-1
2 + -3 - (-10 - -4)
5
What is the value of 2 + -3 + 5 + -3 + -3?
-2
What is (-13 - (-6 - -7)) + 9?
-5
(16 - 21) + 3 + -5
-7
Calculate 4 + -12 + -5 + 7.
-6
What is the value of -1 - (-7 - -3) - -1?
4
Calculate (93 - 85) + (-6 - 0) - 8.
-6
What is 1 - 4 - 2 - (0 + -1)?
-4
31 + -23 - (2 - -4)
2
Evaluate -10 + 3 + (2 - -2) + 5.
2
Evaluate -1 - (-12 + 5 - -6).
0
11 - (8 + (-3 - -5))
1
Evaluate -1 + (-3 - -7) - -2 - 3.
2
Evaluate 8 + -4 - 2 - 2.
0
What is the value of 10 - (5 - (-7 - -6))?
4
What is the value of -15 + 15 - (0 - -1 - -3)?
-4
What is the value of -2 - (11 - 5 - 6)?
-2
What is -11 + (8 - 0) - 6?
-9
What is (-1 - -1 - -6) + -6?
0
19 + -7 - ((3 - 4) + 4)
9
4 - (-5 + 13) - -1
-3
-2 + 5 - (-2 + 1 + 1)
3
Calculate (2 - (2 + (-2 - -2))) + -4.
-4
What is (-1 - 2) + (0 - 0) - -5?
2
What is 8 - (19 + 10 + -20)?
-1
What is the value of (-13 - (7 + -8 + 0)) + 5?
-7
What is the value of 4 - ((2 - -1) + -6 - -7)?
0
What is the value of -4 + 1 + (2 - 2 - 0)?
-3
What is (-1 - 6 - (-14 - -4)) + 3?
6
Calculate -1 + (-3 - (1 + -2)).
-3
What is -14 + 4 - -3 - (0 + -3)?
-4
Calculate -2 - (2 - 2) - (-2 - -1).
-1
What is the value of 6 + 22 + -10 + -26?
-8
What is the value of -2 - -8 - (15 + -13)?
4
What is the value of (1 + 2 - (-4 - -9)) + 1?
-1
Evaluate 5 + (-4 - 0) + (14 - 12).
3
What is the value of (-21 - -19) + -1 + 2?
-1
What is the value of -58 + 62 - (2 + (2 - -1))?
-1
1 + (-11 - -7) + -3
-6
What is the value of -2 - (-4 + -1) - 6 - 2?
-5
Evaluate (-19 - -12) + 5 - -5.
3
Evaluate -13 - (5 - (-9 - -19)).
-8
3 + 7 + -7 + -3 + -11
-11
What is the value of 0 - (-6 + 3 + -8 + 8)?
3
Evaluate (0 - -3) + -7 - -5.
1
What is -7 + 5 - (6 - 5)?
-3
Calculate 8 - (5 + (-4 - -2) + 2).
3
Evaluate 2 - 17 - (-17 - -9).
-7
What is the value of 11 + -4 + 0 + -5 + 2?
4
Evaluate (-7 - 0) + -8 + (23 - 7).
1
Evaluate -17 + 16 + 6 - (-1 - 1).
7
Calculate (1 - 2) + (-9 - 0).
-10
Evaluate 5 + (-2 - (1 - -3)).
-1
Calculate -7 + 5 + -2 - -7.
3
What is -4 + (7 - 4 - -2)?
1
What is the value of (-11 - (6 + -11)) + (-1 - 0)?
-7
Evaluate 7 + (3 - (0 + (5 - -1))).
4
Calculate 1 + 0 - (-6 - (1 + -4)).
4
-11 + 18 - (0 + 5 - 2)
4
(83 - 79) + 2 + (-2 - -3)
7
What is the value of 2 + -6 - (1 - (-3 + 3))?
-5
-2 - (0 - -1) - (-12 + 8)
1
What is 3 + 4 + -3 - 7?
-3
What is 4 + (-6 - (-14 + 6 - -1))?
5
Calculate (-8 - 6 - -20) + -1.
5
Calculate (-5 - -4) + 6 + -13 + 6.
-2
What is 0 - -2 - 0 - (-2 + 3)?
1
Calculate -2 - ((-5 - -10) + -6).
-1
Evaluate (3 - 8) + -8 + 2 - -5.
-6
Calculate -12 - (1 - (12 - 5)).
-6
Evaluate 7 + -7 - (0 + 3 + 2).
-5
What is the value of (6 - 4) + (1 - 3 - 3)?
-3
What is (-7 - (3 + -1 - 6)) + 4?
1
Calculate (-3 - (-2 - 0)) + 0.
-1
1 - (-4 - (-3 - -3))
5
What is (-3 - -2) + -2 + -3 + 3?
-3
Evaluate 0 - 2 - 4 - -3 - -8.
5
What is -58 + 48 - (-6 + 2)?
-6
What is the value of (-3 - 6) + 2 + 6?
-1
What is the value of -28 + 19 - (-4 - (-2 - -1))?
-6
-13 - -9 - (1 + -1)
-4
Calculate -3 + 2 + -2 + 1 - 1.
-3
(9 - (-15 - -26)) + (0 - 4)
-6
What is the value of (-1 - -1 - 3) + 0?
-3
What is the value of -4 + -1 + (9 - -4 - 3)?
5
Calculate (3 - (1 + -2)) + (-111 - -111).
4
What is the value of 0 - -2 - (5 + -2 - 2)?
1
What is -6 - (-26 + 10) - 14?
-4
Evaluate -1 + 9 + -11 + 10.
7
Evaluate 6 + -2 - -2 - (-2 + 5).
3
What is the value of 4 + -14 - -3 - (7 + -8)?
-6
What is (11 - 2 - 12) + 11?
8
Evaluate -1 + (-4 - -1 - -8) - 0.
4
What is the value of (5 - (-3 + 6)) + 4?
6
What is the value of (1 - -4 - -2) + -5?
2
Evaluate 2 + 0 + 0 + -1.
1
What is (6 - 3) + (-3 - 2)?
-2
What is the value of -5 + 8 + -9 - -4?
-2
What is the value of 0 + (-5 - (4 + -4)) + -2?
-7
-2 - ((7 - 1) + (-6 - -3))
-5
Evaluate 16 - 14 - (4 - 0).
-2
Calculate -4 + 0 + 6 + 3 + -11.
-6
What is 3 - (2 - -1 - (2 - -2))?
4
What is the value of 3 - -1 - (5 + -4)?
3
Evaluate (4 - (3 + -4 + 3